factor of 103076 and 45552.
292
Calculate the greatest common divisor of 24849 and 94413.
33
What is the highest common divisor of 12935972 and 1015?
203
What is the highest common divisor of 2574 and 378598?
22
What is the highest common factor of 182622 and 444?
6
Calculate the highest common factor of 21488 and 4258653.
1343
What is the highest common divisor of 100288 and 17384?
8
Calculate the highest common divisor of 136367419 and 31.
31
Calculate the highest common factor of 2092347 and 5727.
249
What is the greatest common factor of 9628030 and 221605?
4715
What is the highest common divisor of 60 and 28699730?
10
Calculate the greatest common divisor of 1814801 and 85.
17
What is the highest common factor of 108437329 and 231?
77
What is the highest common factor of 1230 and 442943418?
246
What is the highest common factor of 13464664 and 744?
248
What is the greatest common divisor of 15813 and 2461725?
63
What is the greatest common factor of 1447491 and 253799?
2789
Calculate the highest common factor of 58743 and 29860704.
963
Calculate the highest common divisor of 5008 and 102170086.
626
What is the greatest common factor of 17928 and 200457450?
4482
What is the greatest common divisor of 11837 and 811947?
89
What is the greatest common factor of 3778452 and 252?
36
Calculate the greatest common divisor of 2429435 and 475.
95
Calculate the greatest common factor of 9785 and 1424490.
515
Calculate the greatest common factor of 698 and 76565714.
698
Calculate the highest common divisor of 74448 and 32965236.
1692
What is the greatest common factor of 4557966 and 846?
282
What is the greatest common divisor of 28072 and 902132?
1276
What is the greatest common divisor of 1044 and 143980476?
348
What is the greatest common factor of 7100 and 19354884?
284
Calculate the highest common factor of 32920 and 465497030.
8230
Calculate the greatest common divisor of 194 and 1060616.
2
Calculate the highest common divisor of 487364 and 138128.
356
What is the highest common divisor of 5088 and 600672?
96
What is the greatest common divisor of 309098 and 79106?
74
What is the highest common divisor of 416 and 377152?
32
What is the greatest common divisor of 1 and 40880782?
1
What is the greatest common divisor of 2284892 and 4348?
4
Calculate the greatest common factor of 28 and 77128512.
4
What is the highest common factor of 69069 and 3913?
91
What is the greatest common divisor of 344900064 and 192?
96
What is the highest common divisor of 21 and 667881228?
21
What is the greatest common divisor of 124319 and 105339?
949
What is the greatest common divisor of 583077 and 15?
3
Calculate the greatest common factor of 94803 and 276.
3
What is the greatest common factor of 246 and 8375644?
82
What is the greatest common factor of 272 and 322502461?
17
Calculate the greatest common factor of 36881650 and 9775.
575
Calculate the highest common divisor of 2013 and 21879480.
183
What is the greatest common factor of 749067 and 462?
33
Calculate the highest common divisor of 3 and 129411312.
3
What is the highest common factor of 364 and 49506418?
26
What is the highest common divisor of 114 and 741938714?
38
Calculate the greatest common factor of 761090 and 880.
110
What is the greatest common divisor of 3766 and 463162?
14
What is the highest common divisor of 8417072 and 752?
16
Calculate the greatest common factor of 2368 and 44392304.
592
What is the greatest common divisor of 5852038 and 17746?
38
Calculate the highest common divisor of 1536 and 156774.
6
What is the highest common factor of 3078362 and 328?
82
What is the highest common factor of 138322275 and 9100?
2275
Calculate the greatest common divisor of 770952500 and 10000.
2500
Calculate the highest common factor of 231088 and 116545.
143
What is the greatest common divisor of 158525710 and 14?
14
Calculate the greatest common factor of 6039942 and 1928.
482
What is the greatest common divisor of 30 and 154106760?
30
What is the highest common factor of 1683896 and 28?
4
Calculate the greatest common factor of 8536 and 1768864.
8
Calculate the highest common divisor of 35 and 2785608.
7
Calculate the greatest common factor of 13098999 and 48507.
2109
What is the greatest common divisor of 36533 and 240023?
119
Calculate the highest common divisor of 302 and 13138661.
151
Calculate the highest common divisor of 517 and 4810443.
11
Calculate the greatest common factor of 4568743 and 2300.
23
Calculate the highest common factor of 7139 and 642060243.
7139
Calculate the greatest common divisor of 10602 and 5438268.
558
What is the highest common divisor of 36334407 and 222?
111
Calculate the highest common divisor of 5676032 and 253.
23
Calculate the highest common factor of 38 and 825626.
38
Calculate the greatest common factor of 7180624 and 2420.
484
What is the greatest common divisor of 93837084 and 660?
132
Calculate the highest common factor of 470 and 4656525.
235
Calculate the highest common factor of 485 and 12335.
5
What is the greatest common divisor of 2802723 and 331177?
847
What is the highest common factor of 1 and 2466630?
1
Calculate the greatest common factor of 1172166247 and 7.
7
Calculate the greatest common factor of 240295 and 108460.
935
Calculate the highest common divisor of 181716 and 492.
12
What is the greatest common factor of 8 and 413532792?
8
What is the highest common factor of 1234038 and 10478?
338
What is the greatest common divisor of 126225558 and 36?
18
What is the highest common divisor of 688 and 1726364?
172
Calculate the highest common divisor of 343238 and 350.
14
Calculate the greatest common factor of 1625 and 331000.
125
Calculate the greatest common divisor of 841279 and 1445.
289
What is the highest common factor of 59769 and 127107?
261
Calculate the greatest common divisor of 2390 and 25703494.
478
What is the greatest common divisor of 732 and 12930963?
183
What is the greatest common divisor of 1165 and 32226230?
1165
What is the highest common divisor of 2006438 and 125818?
266
What is the greatest common divisor of 260190 and 24060141?
3717
What is the highest common factor of 9878 and 317999?
11
What is the greatest common divisor of 35773 and 3025433?
83
Calculate the greatest common divisor of 977597 and 1273.
67
What is the greatest common factor of 33174525 and 135?
15
What is the highest common divisor of 321528 and 63804?
12
What is the highest common divisor of 380 and 8452330?
10
What is the greatest common divisor of 3900 and 2012088?
156
Calculate the highest common divisor of 686 and 7543599.
343
Calculate the highest common divisor of 2828854320 and 1424.
1424
What is the highest common divisor of 4065074 and 1156?
578
Calculate the highest common divisor of 1475 and 3237035.
295
Calculate the highest common divisor of 121590 and 3207274.
2702
Calculate the highest common divisor of 4189764 and 1424.
356
What is the greatest common factor of 4146050 and 4?
2
Calculate the greatest common divisor of 144 and 335110192.
16
What is the greatest common factor of 6216 and 869796?
444
What is the highest common divisor of 17 and 46757497?
17
What is the highest common divisor of 67 and 429388997?
67
Calculate the highest common divisor of 58 and 452948564.
58
Calculate the highest common factor of 4356033 and 66.
33
What is the greatest common divisor of 49 and 68851769?
7
Calculate the highest common factor of 4319 and 981127.
7
What is the greatest common divisor of 46265567 and 2582?
1291
Calculate the greatest common divisor of 78304 and 5459257.
2447
What is the greatest common factor of 8164 and 192756122?
4082
Calculate the greatest common divisor of 2342466 and 621.
27
Calculate the highest common factor of 150399 and 127449.
153
Calculate the greatest common divisor of 19924395 and 24765.
1905
Calculate the greatest common factor of 2044 and 13123684.
28
What is the greatest common divisor of 414463 and 154?
7
What is the greatest common divisor of 5868 and 14578068?
1956
What is the greatest common divisor of 579791 and 18419?
163
Calculate the greatest common factor of 16287 and 17088.
267
Calculate the highest common factor of 18114932 and 264.
44
Calculate the greatest common divisor of 103659 and 20069